te number?
False
Is 1010501 composite?
False
Is 256019 a prime number?
True
Is 47209 prime?
False
Is 1973 composite?
False
Is 167087 prime?
True
Is 242971 prime?
True
Is 2705 composite?
True
Is 1213 a prime number?
True
Is 57439 a composite number?
True
Is 390601 a composite number?
True
Is 455201 a prime number?
True
Is 97 a prime number?
True
Is 69761 prime?
True
Is 310967 a composite number?
True
Is 445 composite?
True
Is 8443 composite?
False
Is 350709 a prime number?
False
Is 188911 composite?
False
Is 589387 a composite number?
False
Is 17401 a prime number?
True
Is 14699 prime?
True
Is 72613 a composite number?
False
Is 256301 prime?
True
Is 2179 a composite number?
False
Is 87179 composite?
False
Is 104927 prime?
False
Is 77111 composite?
True
Is 905791 a prime number?
False
Is 12959 a prime number?
True
Is 14377 a composite number?
True
Is 234687 a composite number?
True
Is 204781 a composite number?
False
Is 169139 a composite number?
True
Is 15769 a prime number?
False
Is 182843 a prime number?
False
Is 4049 a prime number?
True
Is 30374 composite?
True
Is 35605 prime?
False
Is 96953 prime?
True
Is 132577 prime?
False
Is 5777 prime?
False
Is 9413 a composite number?
False
Is 1481 a composite number?
False
Is 62803 prime?
False
Is 699 composite?
True
Is 64679 a composite number?
False
Is 119027 composite?
False
Is 361 a prime number?
False
Is 2066399 prime?
True
Is 2962 prime?
False
Is 8333 prime?
False
Is 64837 prime?
False
Is 15191 prime?
False
Is 253093 a composite number?
True
Is 21169 a composite number?
False
Is 3959 a composite number?
True
Is 357289 a composite number?
True
Is 2497 composite?
True
Is 36887 composite?
False
Is 277787 prime?
True
Is 2181739 prime?
False
Is 47207 prime?
True
Is 772567 prime?
True
Is 123713 prime?
False
Is 22433 a composite number?
False
Is 94687 composite?
False
Is 496163 a prime number?
True
Is 88823 a composite number?
True
Is 5833 a prime number?
False
Is 14849 prime?
False
Is 404411 prime?
False
Is 974357 composite?
True
Is 12229 composite?
True
Is 35771 a prime number?
True
Is 615821 composite?
False
Is 35609 prime?
False
Is 75599 prime?
False
Is 23417 a prime number?
True
Is 57479 a composite number?
True
Is 19361 prime?
False
Is 130099 prime?
True
Is 8065 a composite number?
True
Is 68993 a prime number?
True
Is 1362271 composite?
False
Is 6505 prime?
False
Is 122251 prime?
True
Is 8579 prime?
False
Is 413999 prime?
False
Is 204839 a composite number?
True
Is 10037 a composite number?
False
Is 37 prime?
True
Is 195157 prime?
True
Is 3755 a composite number?
True
Is 131618 a composite number?
True
Is 22009 prime?
False
Is 1835817 prime?
False
Is 1399 a composite number?
False
Is 3133 a composite number?
True
Is 53653 a composite number?
False
Is 821 prime?
True
Is 8173 prime?
False
Is 174851 a composite number?
False
Is 59509 a composite number?
False
Is 2669 prime?
False
Is 331 a prime number?
True
Is 797 a composite number?
False
Is 296579 a prime number?
True
Is 58381 composite?
True
Is 65089 prime?
True
Is 2007611 prime?
True
Is 3481 composite?
True
Is 358783 a composite number?
False
Is 657641 composite?
True
Is 243623 composite?
False
Is 223 a composite number?
False
Is 19589 a composite number?
True
Is 9221 a composite number?
False
Is 85691 a prime number?
True
Is 95311 composite?
False
Is 659569 a prime number?
True
Is 22405 prime?
False
Is 64481 a composite number?
True
Is 252033 composite?
True
Is 2361563 a prime number?
True
Is 261109 prime?
False
Is 178671 prime?
False
Is 1709 composite?
False
Is 374981 a composite number?
False
Is 1935683 a composite number?
False
Is 9793 composite?
True
Is 52879 composite?
False
Is 370355 composite?
True
Is 29683 a prime number?
True
Is 19 prime?
True
Is 14471 composite?
True
Is 26339 prime?
True
Is 69877 prime?
True
Is 913931 composite?
True
Is 508841 composite?
False
Is 3907 a composite number?
False
Is 2927 prime?
True
Is 1059413 composite?
False
Is 1107721 a composite number?
False
Is 395597 a composite number?
False
Is 3953 prime?
False
Is 98029 composite?
True
Is 810167 prime?
False
Is 85331 a prime number?
True
Is 102493 prime?
False
Is 5071 a composite number?
True
Is 2209 a composite number?
True
Is 199003 a prime number?
False
Is 59638 a prime number?
False
Is 2099 prime?
True
Is 172699 a prime number?
False
Is 23137 composite?
True
Is 150533 a composite number?
False
Is 356761 a composite number?
False
Is 97729 a composite number?
False
Is 143951 prime?
False
Is 2323777 a prime number?
True
Is 6927 prime?
False
Is 643585 composite?
True
Is 3957 a composite number?
True
Is 35671 composite?
False
Is 30773 prime?
True
Is 20219 composite?
False
Is 587 prime?
True
Is 1511 composite?
False
Is 2093981 a composite number?
False
Is 664739 prime?
True
Is 26539 prime?
True
Is 41281 prime?
True
Is 163523 a composite number?
True
Is 115013 a composite number?
False
Is 53527 composite?
False
Is 6317 a prime number?
True
Is 114299 a composite number?
False
Is 1193 composite?
False
Is 866399 a composite number?
False
Is 89359 composite?
True
Is 306937 prime?
False
Is 276173 a composite number?
False
Is 47913 a composite number?
True
Is 836789 a composite number?
False
Is 9299 a composite number?
True
Is 131611 prime?
True
Is 1332991 a composite number?
True
Is 40543 prime?
True
Is 1905835 a prime number?
False
Is 10649 a prime number?
False
Is 755 composite?
True
Is 34631 a prime number?
True
Is 724363 a composite number?
True
Is 3639 prime?
False
Is 71647 a prime number?
True
Is 35095 composite?
True
Is 3247 composite?
True
Is 3623 prime?
True
Is 723 a composite number?
True
Is 31139 composite?
False
Is 9493 composite?
True
Is 57391 composite?
True
Is 1188899 a prime number?
True
Is 277963 a composite number?
True
Is 8747 prime?
True
Is 911935 a prime number?
False
Is 11915 prime?
False
Is 83209 a composite number?
True
Is 42281 a composite number?
False
Is 1548389 a prime number?
True
Is 28745 a prime number?
False
Is 112099 a prime number?
False
Is 13438 composite?
True
Is 120431 a composite number?
False
Is 40897 composite?
False
Is 9649 prime?
True
Is 14167 composite?
True
Is 12679 a composite number?
True
Is 1239569 a composite number?
False
Is 103319 prime?
True
Is 17601 prime?
False
Is 2070077 a prime number?
False
Is 1397 a composite number?
True
Is 401981 a composite number?
False
Is 133873 composite?
False
Is 58181 a prime number?
False
Is 4049 a prime number?
True
Is 253947 a composite number?
True
Is 39929 a prime number?
True
Is 266429 composite?
True
Is 11383 a composite number?
False
Is 37381 a prime number?
False
Is 79481 composite?
False
Is 362665 a prime number?
False
Is 539353 composite?
True
Is 765559 prime?
False
Is 71119 a prime number?
True
Is 100733 prime?
True
Is 609221 a prime number?
True
Is 355457 prime?
True
Is 110051 composite?
False
Is 59485 prime?
False
Is 15517 a composite number?
True
Is 743 prime?
True
Is 547 prime?
True
Is 106853 composite?
False
Is 77907 a prime number?
False
Is 29117 prime?
False
Is 167521 composite?
False
Is 2421494 composite?
True
Is 97327 a composite number?
False
Is 347771 prime?
True
Is 1700923 a prime number?
False
Is 4284221 prime?
False
Is 1064863 prime?
False
Is 1464063 composite?
True
Is 2779 a composite number?
True
Is 577573 a prime number?
True
Is 15783 composite?
True
Is 26431 a composite number?
False
Is 2411 prime?
True
Is 293155 composite?
True
Is 160861 a composite number?
False
Is 701377 a prime number?
True
Is 203471 composite?
True
Is 2283647 composite?
True
Is 68741 a composite number?
True
Is 1671 composite?
True
Is 168851 prime?
True
Is 652163 a prime number?
False
Is 33339 a prime number?
False
Is 17539 a prime number?
True
Is 8849 a composite number?
False
Is 3223 prime?
False
Is 2155 composite?
True
Is 80101 composite?
True
Is 596867 a composite number?
True
Is 108331 a composite number?
True
Is 52613 composite?
True
Is 314393 composite?
True
Is 328751 a prime number?
False
Is 76709 composite?
True
Is 62753 composite?
False
Is 52561 prime?
True
Is 721717 composite?
True
Is 65909 a composite number?
True
Is 331109 a composite number?
True
Is 80309 prime?
True
Is 389489 composite?
True
Is 17809 a prime number?
False
Is 544753 prime?
False
Is 45659 a prime number